ue
Is 201755 a multiple of 40?
False
Is 23 a factor of 1139972?
True
Is 405 a factor of 1383753?
False
Does 114 divide 3864144?
True
Does 715 divide 1132002?
False
Is 298112 a multiple of 64?
True
Is 15 a factor of 2000272?
False
Is 9 a factor of 1746765?
True
Is 210816 a multiple of 61?
True
Does 4 divide 358180?
True
Is 145 a factor of 273180?
True
Does 19 divide 11212964?
True
Is 211653 a multiple of 3?
True
Is 91 a factor of 16671766?
False
Does 101 divide 555197?
True
Is 226 a factor of 220576?
True
Is 544 a factor of 679796?
False
Is 16 a factor of 1642560?
True
Does 3 divide 29798?
False
Does 38 divide 265544?
True
Is 20 a factor of 208563?
False
Is 6975907 a multiple of 571?
True
Is 1165 a factor of 1573915?
True
Is 169 a factor of 1541111?
True
Does 302 divide 32314?
True
Does 14 divide 5211?
False
Is 3 a factor of 1139571?
True
Is 774 a factor of 578178?
True
Is 85997 a multiple of 16?
False
Does 102 divide 310979?
False
Is 525856 a multiple of 32?
True
Is 3302931 a multiple of 77?
False
Is 101455 a multiple of 214?
False
Is 2331 a multiple of 4?
False
Is 37 a factor of 139675?
True
Is 1199718 a multiple of 234?
True
Is 10 a factor of 57020?
True
Is 441728 a multiple of 28?
True
Is 3711702 a multiple of 476?
False
Is 2177565 a multiple of 65?
True
Is 364572 a multiple of 156?
True
Is 17 a factor of 2049384?
True
Is 286 a factor of 311454?
True
Is 32 a factor of 202272?
True
Does 460 divide 1661520?
True
Does 28 divide 44156?
True
Is 176918 a multiple of 14?
True
Does 11 divide 133600?
False
Is 45 a factor of 104388?
False
Is 248806 a multiple of 15?
False
Is 1171222 a multiple of 355?
False
Is 3 a factor of 317837?
False
Does 116 divide 1718817?
False
Does 64 divide 445952?
True
Does 4 divide 44165?
False
Is 11 a factor of 2855221?
False
Does 440 divide 917846?
False
Is 122 a factor of 404189?
False
Is 89 a factor of 8188?
True
Is 22275420 a multiple of 177?
False
Does 367 divide 192308?
True
Is 8489908 a multiple of 516?
False
Does 40 divide 40760?
True
Is 102 a factor of 425534?
False
Is 903563 a multiple of 28?
False
Is 104188 a multiple of 23?
False
Is 185422 a multiple of 11?
False
Does 6 divide 677370?
True
Is 26832 a multiple of 16?
True
Is 112 a factor of 78376?
False
Does 14 divide 156209?
False
Does 12 divide 837673?
False
Is 417 a factor of 21465009?
False
Is 291617 a multiple of 2?
False
Does 43 divide 154714?
True
Is 102025 a multiple of 385?
True
Does 5 divide 38305?
True
Is 165 a factor of 221480?
False
Is 74880 a multiple of 240?
True
Is 149586 a multiple of 61?
False
Does 84 divide 6694044?
True
Does 624 divide 3795792?
True
Is 3816806 a multiple of 119?
True
Is 12463 a multiple of 79?
False
Is 396082 a multiple of 58?
True
Is 335861 a multiple of 11?
False
Is 71944 a multiple of 23?
True
Is 571 a factor of 782702?
False
Is 555 a factor of 82889?
False
Does 7 divide 30016?
True
Does 13 divide 92482?
True
Is 53587 a multiple of 6?
False
Does 335 divide 547393?
False
Is 1627685 a multiple of 108?
False
Does 19 divide 14702229?
False
Does 18 divide 44939?
False
Is 2612612 a multiple of 15?
False
Is 11036490 a multiple of 15?
True
Is 1046 a factor of 2438226?
True
Does 47 divide 2437796?
True
Is 11 a factor of 1683?
True
Is 1303710 a multiple of 1057?
False
Is 88900 a multiple of 175?
True
Is 17 a factor of 483265?
False
Does 62 divide 296050?
True
Does 382 divide 72755?
False
Is 1323594 a multiple of 45?
False
Is 34 a factor of 13498?
True
Is 607284 a multiple of 108?
True
Is 1579584 a multiple of 152?
True
Is 758248 a multiple of 18?
False
Is 6061650 a multiple of 15?
True
Is 239207 a multiple of 80?
False
Is 344500 a multiple of 53?
True
Does 79 divide 2952842?
False
Is 8 a factor of 91944?
True
Is 33 a factor of 28021?
False
Does 448 divide 3379316?
False
Is 105303 a multiple of 103?
False
Is 26 a factor of 74523?
False
Is 5401193 a multiple of 29?
False
Does 231 divide 8699122?
False
Is 550 a factor of 7709900?
True
Is 1553001 a multiple of 126?
False
Is 1678777 a multiple of 1156?
False
Does 3 divide 104232?
True
Does 8 divide 738960?
True
Is 38 a factor of 3354569?
False
Is 20 a factor of 82545?
False
Does 274 divide 189608?
True
Is 749 a factor of 1290668?
False
Is 90601 a multiple of 49?
True
Is 30 a factor of 864?
False
Does 82 divide 594492?
False
Does 73 divide 93735?
False
Is 218 a factor of 91996?
True
Does 325 divide 144300?
True
Is 116 a factor of 7697216?
False
Does 116 divide 18096?
True
Is 7 a factor of 132181?
True
Is 9537949 a multiple of 703?
False
Does 158 divide 169692?
True
Is 4126706 a multiple of 634?
True
Is 191 a factor of 925626?
False
Does 8 divide 1946568?
True
Does 262 divide 87627?
False
Is 83586 a multiple of 15?
False
Does 16 divide 565760?
True
Does 44 divide 1668480?
True
Is 2260330 a multiple of 686?
False
Is 10 a factor of 5532212?
False
Is 856434 a multiple of 6?
True
Is 276626 a multiple of 14?
True
Does 36 divide 700606?
False
Is 25253 a multiple of 6?
False
Is 2163174 a multiple of 30?
False
Is 288926 a multiple of 22?
True
Is 1260 a factor of 10340820?
True
Is 27 a factor of 491479?
False
Is 10 a factor of 8416470?
True
Is 115 a factor of 11719075?
True
Is 4 a factor of 1032108?
True
Is 1803802 a multiple of 7?
True
Is 58 a factor of 41687?
False
Does 135 divide 121905?
True
Is 216 a multiple of 27?
True
Is 225 a factor of 21178?
False
Does 19 divide 438304?
False
Is 117102 a multiple of 174?
True
Is 116 a factor of 77506?
False
Does 39 divide 64198?
False
Is 351 a factor of 317495?
False
Is 4163146 a multiple of 19?
False
Is 18 a factor of 73125?
False
Is 609274 a multiple of 314?
False
Is 745 a factor of 1904021?
False
Is 1280594 a multiple of 41?
True
Does 110 divide 3574010?
True
Does 99 divide 397031?
False
Is 117 a factor of 495612?
True
Is 7178094 a multiple of 21?
True
Is 157374 a multiple of 63?
True
Is 39960 a multiple of 54?
True
Is 997958 a multiple of 26?
True
Is 20093238 a multiple of 99?
True
Is 214482 a multiple of 26?
False
Is 37 a factor of 3812388?
False
Is 464 a factor of 1180880?
True
Is 39 a factor of 78546?
True
Is 32 a factor of 20736?
True
Is 211 a factor of 394992?
True
Is 1167610 a multiple of 59?
True
Is 308 a factor of 878061?
False
Is 16995 a multiple of 27?
False
Does 206 divide 542820?
False
Does 111 divide 545010?
True
Is 14230 a multiple of 2?
True
Is 3 a factor of 87039?
True
Is 138025 a multiple of 18?
False
Is 47 a factor of 32952091?
False
Does 11 divide 62029?
True
Is 1240575 a multiple of 425?
True
Is 15 a factor of 20704695?
True
Does 145 divide 3920655?
True
Does 611 divide 24010?
False
Does 852 divide 494342?
False
Is 108 a factor of 79874?
False
Does 10 divide 1969066?
False
Is 9537638 a multiple of 51?
False
Is 553726 a multiple of 229?
False
Is 37 a factor of 256241?
False
Is 101 a factor of 4732333?
False
Is 238488 a multiple of 12?
True
Is 8913504 a multiple of 943?
False
Is 130 a factor of 99190?
True
Is 18 a factor of 1224479?
False
Is 195 a factor of 19305?
True
Is 9272164 a multiple of 11?
True
Does 93 divide 1729893?
True
Does 136 divide 495312?
True
Is 49906 a multiple of 27?
False
Is 98803 a multiple of 29?
True
Does 696 divide 2835844?
False
Does 13 divide 10693879?
False
Is 20 a factor of 31870?
False
Does 29 divide 456977?
False
Does 18 divide 786154?
False
Does 245 divide 171013?
False
Is 3 a factor of 580086?
True
Does 53 divide 9685644?
True
Does 2 divide 1099482?
True
Does 4 divide 89128?
True
Is 59942 a multiple of 41?
True
Does 400 divide 8521?
False
Is 28 a factor of 146649?
False
Is 24 a factor of 4858968?
True
Is 256 a factor of 114599?
False
Is 58 a factor of 139722?
True
Is 24 a factor of 169248?
True
Is 2889261 a multiple of 370?
False
Is 213 a factor of 39192?
True
Does 5 divide 47158?
False
Is 12 a factor of 63178?
False
Is 227 a factor of 5874257?
False
Is 13960 a multiple of 5?
True
Does 48 divide 957682?
False
Is 118 a factor of 1889670?
False
Is 200 a factor of 22337800?
True
Is 409214 a multiple of 48?
False
Is 223 a factor of 943290?
True
Does 12 divide 281852?
False
Is 1879 a factor of 15720211?
False
Is 7016744 a multiple of 760?
False
Does 65 divide 763490?
True
Is 5203148 a multiple of 346?
True
Is 628 a factor of 427040?
True
Does 10 divide 3515576?
False
Does 169 divide 210405?
True
Does 3